is the greatest common divisor of 261 and y?
87
Let l(g) = 5*g**3 - 18*g**2 - 6*g + 11. Suppose -4 = y, 0*y + 2 = -2*f - 3*y. Let q be l(f). Calculate the highest common factor of q and 104.
52
Suppose 56*a - 6687 = -1087. Let m(r) = 21*r**2 + r - 2. Let p be m(1). Calculate the highest common divisor of a and p.
20
Let l = -677 + 5678. Calculate the highest common factor of 3 and l.
3
Let u be 2*(34/4 + 4). Let d = 82 - -6. Suppose -5*q + d = -537. What is the greatest common factor of q and u?
25
Suppose 0 = 5*d - 3*s - 2381, 0 = 4*d - 12*s + 17*s - 1927. Let h = d - 101. Calculate the highest common divisor of 13 and h.
13
Let x be ((-354)/472)/(6/(-2032)). Calculate the highest common divisor of 2 and x.
2
Suppose 1149 = 41*v - 1311. Let i = 202 + -142. Calculate the greatest common divisor of v and i.
60
Let x be 545/(-2)*(32 + -34). Let y = x - 521. Calculate the highest common divisor of y and 16.
8
Suppose -18*w - 68 = -35*w. Suppose 0*n - 5*n = -125. Let y = n + -21. Calculate the highest common divisor of y and w.
4
Let u(m) = 65*m**2 + 31*m - 223. Let f be u(8). What is the highest common factor of f and 310?
155
Let b(f) = -f**3 + 10*f**2 - 10*f + 5. Let y be b(9). Let p be 3 - y/8*-50. Let q = 29 + p. What is the highest common divisor of 28 and q?
7
Let z be 7/(-21)*3912/4. Let c = z - -332. Calculate the greatest common factor of c and 34.
2
Let f = -1 + 170. Suppose -11*j - 6*r - 155 = -6*j, -4*j = 4*r + 120. Let x = f + j. Calculate the highest common factor of 16 and x.
16
Let w(v) = -29*v + 294. Let b be w(10). Suppose s - 76 = -4*m, -5*m + b*s = -3*m - 20. Calculate the greatest common divisor of m and 84.
6
Suppose -2057 = 13*z + 3598. Let n = z - -447. Calculate the greatest common divisor of 27 and n.
3
Let l(k) be the second derivative of k**4/12 + 29*k**3/6 + 121*k**2/2 - 173*k. Let j be l(-24). What is the greatest common factor of 7 and j?
1
Let q be ((-10)/4)/((-8)/1040). Let v = q - 141. What is the greatest common factor of v and 138?
46
Let n be (-174)/(-4) - 1/2. Suppose 0 = -19*z - 11*z + 1290. Calculate the highest common factor of n and z.
43
Suppose 1562 = 26*b - 2806. What is the highest common factor of b and 105?
21
Let v be 57/(285/350) + 20. Calculate the greatest common factor of 15210 and v.
90
Let b be (-194)/(-7) - (-8)/28. Let o(h) = h**3 + 171*h**2 + 678*h + 1824. Let t be o(-167). Calculate the highest common factor of t and b.
14
Suppose 5*w - 576 - 128 = -3*w. Calculate the greatest common divisor of 143 and w.
11
Suppose -10*n + 135 = 17*n. Suppose 0 = 3*i + 2*z - 80, -n*z = -12*i + 10*i + 66. What is the highest common divisor of i and 91?
7
Let v = 31 - 55. Let l be 18/v - 622/(-8). Suppose 4*m = -12, k + 3*k - 5*m = 59. What is the greatest common divisor of l and k?
11
Let f be (45/18)/(2/4). Suppose 4*o - 32 = 8*g - 12*g, -4*o = f*g - 28. Calculate the highest common divisor of 180 and o.
12
Let g = -2692 + 2868. Calculate the highest common divisor of 1672 and g.
88
Let z(k) = 3*k + 66. Suppose 0 = -22*v + 25*v. Let i be z(v). Let s be (-2 + -3)*-1 + (-1 - -2). Calculate the highest common divisor of i and s.
6
Let s(b) = -49*b - b**2 - 2 + 43*b - 18*b. Let f be s(-8). Suppose 2*o - f = -4*o. Calculate the greatest common factor of 105 and o.
21
Let q be 3/((-2)/(440/(-30))). Suppose -4*s - 5*j + 269 = 0, 0*s + 4*s - 4*j - 260 = 0. What is the greatest common factor of q and s?
22
Suppose 476 - 3962 = -7*h. Calculate the greatest common factor of h and 678.
6
Let j = -33 + 66. Let f = -471 + 603. Calculate the greatest common factor of j and f.
33
Let k be 2/6*(8 - -1). Suppose 2 + 48 = 5*c. Suppose k*i = 2*j - 9, -5*j - 5*i + c + 25 = 0. Calculate the highest common factor of j and 66.
6
Let c(a) = 76*a**2 - 3*a - 3. Let l be c(-3). Suppose -l + 552 = -3*x. What is the highest common divisor of x and 368?
46
Suppose 65 = 18*l - 5*l. Suppose -l*q + 4*q = -41. What is the greatest common factor of 1 and q?
1
Suppose 3*y - 6519 = 2*c, 0 = 4*y - 3*c + 728 - 9418. What is the greatest common factor of 6220 and y?
311
Suppose -y + 3*v - 23 = 0, -5*y = -10*y - 5*v - 75. Let d(w) = -10*w + 74. Let j be d(y). What is the highest common divisor of j and 183?
61
Suppose -20*x - 13 = -1553. Suppose -4*w = 2*q - q - 26, 5*q = 2*w - 24. What is the highest common factor of w and x?
7
Let g = 8132 + -7425. Let u = 397 - 884. Let a = g + u. Calculate the highest common factor of a and 88.
44
Suppose 0 = -6*g - g + 280. Suppose 3*h - 38 = -2*j + 7*j, -4*j = -3*h + g. Suppose i = 5*f - 3, i + i + 4*f = 8. What is the greatest common factor of h and i?
2
Let j(p) = 91*p**2 + 86*p - 170. Let x be j(2). What is the greatest common divisor of 1952 and x?
122
Let w = 109 - 100. Suppose 4224 = w*f + 1326. Calculate the greatest common divisor of f and 14.
14
Let t = 5 - 3. Suppose 3*i + 4*i - 28 = 0. Suppose -r - 4 = -3*a + 4, -2*a + i*r + 12 = 0. Calculate the highest common divisor of t and a.
2
Let b = 165 + -120. Suppose -50*q = -45*q - b. What is the highest common factor of 72 and q?
9
Let a(s) = -2*s**2 - 21*s + 34. Let p be a(-6). What is the greatest common divisor of 396 and p?
44
Let g(b) = -b**3 - 23*b**2 - 49*b + 262. Let t be g(-20). Suppose 0 = 5*y - 476 + 126. Calculate the highest common divisor of y and t.
14
Suppose 0 = 3*x - 4*x, -4*a = 3*x - 292. Let l = 177 - a. Suppose c - l = -3*c - 2*t, -t - 88 = -3*c. What is the highest common divisor of c and 70?
14
Let t be (-11)/((92/8234)/((-2)/1)). What is the highest common divisor of 179 and t?
179
Suppose -9*u = -4*u - 40. Suppose -u = -4*z + 192. Let p = 83 - z. What is the greatest common factor of 22 and p?
11
Let r = 1182 - -4341. What is the highest common factor of r and 21?
21
Let s be -4 + (2 + 9 - 5). Suppose 6*b - 104 = -s*b. What is the greatest common factor of 13 and b?
13
Let o(p) = -p**3 - 142*p**2 - 114*p - 16095. Let r be o(-142). Let k be -1 + 1767 - (-2 - -1). What is the highest common factor of r and k?
93
Let u be (-1*1 + 8/16)*-4. Suppose -t + y = -59, -t - u*t = -5*y - 185. Calculate the highest common factor of t and 11.
11
Let y(s) = 15*s - 191. Let k be y(13). Let v be k/(-6)*((-405)/10 - -3). Let r = 1 + 4. What is the greatest common factor of v and r?
5
Let u be 6 - -3 - (-2 - -515)/(-9). Calculate the highest common divisor of u and 2156.
22
Let j = 88 - 56. Suppose 6*z = 2*z, 0 = -4*k + 4*z + j. Let u be (-19)/((-133)/(-84))*(-10)/k. Calculate the highest common divisor of u and 5.
5
Let z = -60 - -61. Let q be (-3 - z)/(-4)*2. Let w be 58 + -3 + 3 + q. What is the highest common factor of 10 and w?
10
Let g = 392 - 306. Suppose -3*p + 65 = -5*x + 280, 383 = -5*p - 4*x. Let q = g + p. What is the greatest common divisor of 77 and q?
11
Let g be 172/14 + 2/(-7). Let p(t) = -3*t**2 + t + 2. Let x be p(0). Let c be (3 - (x + 2))*3 - -87. Calculate the highest common factor of g and c.
12
Let d(n) = -n**3 - 39*n**2 - 67*n - 994. Let z be d(-50). Calculate the greatest common factor of 24 and z.
24
Suppose -4*f - 360 = 4*b, 8*b + 3 = 7*b. Let z = -86 - f. Calculate the highest common divisor of z and 124.
1
Let u = 0 + 10. Suppose -5*r = -5*y + 325, -305 = -4*y - y + r. Let n be y/14 - (16/(-14))/(-4). What is the highest common factor of u and n?
2
Let n(j) = j**3 - 14*j**2 - 14*j - 4. Let b be n(15). Suppose b*f - 21*f + 270 = 0. What is the greatest common divisor of f and 9?
9
Suppose 5*c = c + 32*c - 6272. Suppose u - 84 = -0*u. Calculate the highest common divisor of u and c.
28
Let m = -197 + 206. Calculate the greatest common factor of m and 105.
3
Let m = 121 - 49. Suppose -2*s + 3*v = 2*v + 269, s - v + 133 = 0. Let x = -127 - s. Calculate the greatest common divisor of x and m.
9
Let b(c) = c**3 - 28*c**2 + 44*c - 33. Let g be b(27). Calculate the greatest common divisor of 6 and g.
6
Suppose 3*o + 3 = -s + 2*s, -4*o - 2 = -s. Let p(v) = 8*v + 83. Let i = 89 + -99. Let d be p(i). What is the greatest common divisor of s and d?
3
Let l be (2 + -168)/((-60)/12 - -4). What is the greatest common divisor of 2 and l?
2
Let a(g) = -g**2 + 5*g + 16. Let p be a(7). Suppose -z - 4*x = -6*x - 120, x = p*z - 225. What is the greatest common factor of 275 and z?
55
Let k be 2/11 - (8079/(-33) - (-52 - -55)). Wha